{"id":2083,"date":"2020-06-04T18:08:04","date_gmt":"2020-06-04T16:08:04","guid":{"rendered":"http:\/\/www.adelana.fr\/?page_id=2083"},"modified":"2021-11-24T11:22:50","modified_gmt":"2021-11-24T10:22:50","slug":"a-propos","status":"publish","type":"page","link":"https:\/\/www.adelana.fr\/index.php\/a-propos\/","title":{"rendered":"A Propos"},"content":{"rendered":"\n<div class=\"wp-block-image\"><figure class=\"aligncenter size-large is-resized\"><img src=\"https:\/\/www.adelana.fr\/wp-content\/uploads\/2021\/11\/annesophiebenoit-camline-adelana-683x1024.jpg\" alt=\"\" class=\"wp-image-3396\" width=\"514\" height=\"771\"\/><\/figure><\/div>\n\n\n\n<div class=\"wp-block-uagb-advanced-heading uagb-block-a7e1eafa-d7b7-4d96-a54d-f04b1fd385e5\"><h2 class=\"uagb-heading-text\"><br><br><strong>Qui suis-je ?<\/strong><\/h2><div class=\"uagb-separator-wrap\"><div class=\"uagb-separator\"><\/div><\/div><p class=\"uagb-desc-text\"><br>Je suis Adelana, blogueuse \u00e9coresponsable. Ici je parle de tous les sujets qui me passionnent \u00e0 savoir la mode, ma transition vers un mode de vie plus responsable et r\u00e9cemment des sujets li\u00e9es \u00e0 l&rsquo;\u00e9cologie dans des pays comme en Afrique.<br>Je d\u00e9marre \u00e9galement mon activit\u00e9 free-lance en tant de que consultante en communication digitale  pour les entreprises souhaitant transiter se lan\u00e7ant dans une activit\u00e9 plus responsable.<br>&nbsp;<br><\/p><\/div>\n\n\n\n<div class=\"wp-block-uagb-advanced-heading uagb-block-418e7c0a-1f87-4417-af95-fefaf64c50d3\"><h2 class=\"uagb-heading-text\"><strong>Comment en suis-je venue \u00e0 l\u2019\u00e9coresponsabilit\u00e9 ?<\/strong><\/h2><div class=\"uagb-separator-wrap\"><div class=\"uagb-separator\"><\/div><\/div><p class=\"uagb-desc-text\"><br>J&rsquo;ai pass\u00e9 presqu&rsquo;un an \u00e0 Vancouver o\u00f9 quotidiennement, j&rsquo;\u00e9tais face \u00e0 des paysages \u00e9poustouflants entour\u00e9e des montagnes, des for\u00eats et de la mer. Un luxe qui pour moi, se m\u00e9ritait. A cette \u00e9poque l&rsquo;\u00e9coresponsabilit\u00e9 ne me disait rien.<br>Par la suite,  je suis partie vivre \u00e0 Londres pendant 3 ans et demi pour forger mon experience\u00a0notamment\u00a0dans l\u2019\u00e9v\u00e8nementiel. De retour en France,  j\u2019ai\u00a0profit\u00e9 de mes pauses entre deux envois de CV pour\u00a0lire. Je suis tomb\u00e9e malheureusement sur beaucoup de sujets li\u00e9s \u00e0 la pollution, l\u2019\u00e9puisement des ressources naturelles, etc. <br>J&rsquo;ai toujours voulu aider d\u2019une mani\u00e8re ou d\u2019une autre. J\u2019en suis donc venue \u00e0 la conclusion que prendre soin de la plan\u00e8te serait une de mes missions premi\u00e8res en commen\u00e7ant par transiter vers un mode de vie \u00e9coresponsable.<br><br>Sur le long terme, j&rsquo;aimerais pouvoir me d\u00e9tacher totalement de ce syst\u00e8me dans lequel je suis pour pouvoir aider \u00e0 100% et faire de l&rsquo;humanitarisme. Utopique, me diriez-vous ? Quasiment impossible par certains. Ca reste n\u00e9anmoins mon objectif.<br>En attendant, je m&rsquo;informe, j&rsquo;informe mon entourage et discute avec des personnes qui comme moi sont en transition et souhaite trouver un moyen d&rsquo;entretenir notre plan\u00e8te co\u00fbte que co\u00fbte.<\/p><\/div>\n","protected":false},"excerpt":{"rendered":"","protected":false},"author":1,"featured_media":0,"parent":0,"menu_order":0,"comment_status":"closed","ping_status":"closed","template":"","meta":{"pgc_meta":""},"pgc_meta":"","yoast_head":"<!-- This site is optimized with the Yoast SEO plugin v19.13 - https:\/\/yoast.com\/wordpress\/plugins\/seo\/ -->\n<title>A Propos -<\/title>\n<meta name=\"description\" content=\"A propos d&#039;Adelana, juste une personne d\u00e9sirant de transiter vers un mode de vie le plus \u00e9coresponsable possible\" \/>\n<meta name=\"robots\" content=\"index, follow, max-snippet:-1, max-image-preview:large, max-video-preview:-1\" \/>\n<link rel=\"canonical\" href=\"https:\/\/www.adelana.fr\/index.php\/a-propos\/\" \/>\n<meta property=\"og:locale\" content=\"fr_FR\" \/>\n<meta property=\"og:type\" content=\"article\" \/>\n<meta property=\"og:title\" content=\"A Propos -\" \/>\n<meta property=\"og:description\" content=\"A propos d&#039;Adelana, juste une personne d\u00e9sirant de transiter vers un mode de vie le plus \u00e9coresponsable possible\" \/>\n<meta property=\"og:url\" content=\"https:\/\/www.adelana.fr\/index.php\/a-propos\/\" \/>\n<meta property=\"article:publisher\" content=\"https:\/\/www.facebook.com\/mlleadelana\" \/>\n<meta property=\"article:modified_time\" content=\"2021-11-24T10:22:50+00:00\" \/>\n<meta property=\"og:image\" content=\"https:\/\/www.adelana.fr\/wp-content\/uploads\/2021\/11\/annesophiebenoit-camline-adelana-683x1024.jpg\" \/>\n<meta name=\"twitter:card\" content=\"summary_large_image\" \/>\n<meta name=\"twitter:site\" content=\"@mlleadelana\" \/>\n<meta name=\"twitter:label1\" content=\"Dur\u00e9e de lecture estim\u00e9e\" \/>\n\t<meta name=\"twitter:data1\" content=\"2 minutes\" \/>\n<script type=\"application\/ld+json\" class=\"yoast-schema-graph\">{\"@context\":\"https:\/\/schema.org\",\"@graph\":[{\"@type\":\"WebPage\",\"@id\":\"https:\/\/www.adelana.fr\/index.php\/a-propos\/\",\"url\":\"https:\/\/www.adelana.fr\/index.php\/a-propos\/\",\"name\":\"A Propos -\",\"isPartOf\":{\"@id\":\"https:\/\/www.adelana.fr\/#website\"},\"datePublished\":\"2020-06-04T16:08:04+00:00\",\"dateModified\":\"2021-11-24T10:22:50+00:00\",\"description\":\"A propos d'Adelana, juste une personne d\u00e9sirant de transiter vers un mode de vie le plus \u00e9coresponsable possible\",\"breadcrumb\":{\"@id\":\"https:\/\/www.adelana.fr\/index.php\/a-propos\/#breadcrumb\"},\"inLanguage\":\"fr-FR\",\"potentialAction\":[{\"@type\":\"ReadAction\",\"target\":[\"https:\/\/www.adelana.fr\/index.php\/a-propos\/\"]}]},{\"@type\":\"BreadcrumbList\",\"@id\":\"https:\/\/www.adelana.fr\/index.php\/a-propos\/#breadcrumb\",\"itemListElement\":[{\"@type\":\"ListItem\",\"position\":1,\"name\":\"Accueil\",\"item\":\"https:\/\/www.adelana.fr\/\"},{\"@type\":\"ListItem\",\"position\":2,\"name\":\"A Propos\"}]},{\"@type\":\"WebSite\",\"@id\":\"https:\/\/www.adelana.fr\/#website\",\"url\":\"https:\/\/www.adelana.fr\/\",\"name\":\"Adelana\",\"description\":\"\",\"publisher\":{\"@id\":\"https:\/\/www.adelana.fr\/#organization\"},\"potentialAction\":[{\"@type\":\"SearchAction\",\"target\":{\"@type\":\"EntryPoint\",\"urlTemplate\":\"https:\/\/www.adelana.fr\/?s={search_term_string}\"},\"query-input\":\"required name=search_term_string\"}],\"inLanguage\":\"fr-FR\"},{\"@type\":\"Organization\",\"@id\":\"https:\/\/www.adelana.fr\/#organization\",\"name\":\"Adelana\",\"url\":\"https:\/\/www.adelana.fr\/\",\"logo\":{\"@type\":\"ImageObject\",\"inLanguage\":\"fr-FR\",\"@id\":\"https:\/\/www.adelana.fr\/#\/schema\/logo\/image\/\",\"url\":\"https:\/\/www.adelana.fr\/wp-content\/uploads\/2020\/05\/cropped-Adelana-logo-1-4.png\",\"contentUrl\":\"https:\/\/www.adelana.fr\/wp-content\/uploads\/2020\/05\/cropped-Adelana-logo-1-4.png\",\"width\":618,\"height\":387,\"caption\":\"Adelana\"},\"image\":{\"@id\":\"https:\/\/www.adelana.fr\/#\/schema\/logo\/image\/\"},\"sameAs\":[\"https:\/\/www.instagram.com\/mlleadelana\",\"https:\/\/www.pinterest.com\/mlleadelana\",\"https:\/\/www.facebook.com\/mlleadelana\",\"https:\/\/twitter.com\/mlleadelana\"]}]}<\/script>\n<!-- \/ Yoast SEO plugin. -->","yoast_head_json":{"title":"A Propos -","description":"A propos d'Adelana, juste une personne d\u00e9sirant de transiter vers un mode de vie le plus \u00e9coresponsable possible","robots":{"index":"index","follow":"follow","max-snippet":"max-snippet:-1","max-image-preview":"max-image-preview:large","max-video-preview":"max-video-preview:-1"},"canonical":"https:\/\/www.adelana.fr\/index.php\/a-propos\/","og_locale":"fr_FR","og_type":"article","og_title":"A Propos -","og_description":"A propos d'Adelana, juste une personne d\u00e9sirant de transiter vers un mode de vie le plus \u00e9coresponsable possible","og_url":"https:\/\/www.adelana.fr\/index.php\/a-propos\/","article_publisher":"https:\/\/www.facebook.com\/mlleadelana","article_modified_time":"2021-11-24T10:22:50+00:00","og_image":[{"url":"https:\/\/www.adelana.fr\/wp-content\/uploads\/2021\/11\/annesophiebenoit-camline-adelana-683x1024.jpg"}],"twitter_card":"summary_large_image","twitter_site":"@mlleadelana","twitter_misc":{"Dur\u00e9e de lecture estim\u00e9e":"2 minutes"},"schema":{"@context":"https:\/\/schema.org","@graph":[{"@type":"WebPage","@id":"https:\/\/www.adelana.fr\/index.php\/a-propos\/","url":"https:\/\/www.adelana.fr\/index.php\/a-propos\/","name":"A Propos -","isPartOf":{"@id":"https:\/\/www.adelana.fr\/#website"},"datePublished":"2020-06-04T16:08:04+00:00","dateModified":"2021-11-24T10:22:50+00:00","description":"A propos d'Adelana, juste une personne d\u00e9sirant de transiter vers un mode de vie le plus \u00e9coresponsable possible","breadcrumb":{"@id":"https:\/\/www.adelana.fr\/index.php\/a-propos\/#breadcrumb"},"inLanguage":"fr-FR","potentialAction":[{"@type":"ReadAction","target":["https:\/\/www.adelana.fr\/index.php\/a-propos\/"]}]},{"@type":"BreadcrumbList","@id":"https:\/\/www.adelana.fr\/index.php\/a-propos\/#breadcrumb","itemListElement":[{"@type":"ListItem","position":1,"name":"Accueil","item":"https:\/\/www.adelana.fr\/"},{"@type":"ListItem","position":2,"name":"A Propos"}]},{"@type":"WebSite","@id":"https:\/\/www.adelana.fr\/#website","url":"https:\/\/www.adelana.fr\/","name":"Adelana","description":"","publisher":{"@id":"https:\/\/www.adelana.fr\/#organization"},"potentialAction":[{"@type":"SearchAction","target":{"@type":"EntryPoint","urlTemplate":"https:\/\/www.adelana.fr\/?s={search_term_string}"},"query-input":"required name=search_term_string"}],"inLanguage":"fr-FR"},{"@type":"Organization","@id":"https:\/\/www.adelana.fr\/#organization","name":"Adelana","url":"https:\/\/www.adelana.fr\/","logo":{"@type":"ImageObject","inLanguage":"fr-FR","@id":"https:\/\/www.adelana.fr\/#\/schema\/logo\/image\/","url":"https:\/\/www.adelana.fr\/wp-content\/uploads\/2020\/05\/cropped-Adelana-logo-1-4.png","contentUrl":"https:\/\/www.adelana.fr\/wp-content\/uploads\/2020\/05\/cropped-Adelana-logo-1-4.png","width":618,"height":387,"caption":"Adelana"},"image":{"@id":"https:\/\/www.adelana.fr\/#\/schema\/logo\/image\/"},"sameAs":["https:\/\/www.instagram.com\/mlleadelana","https:\/\/www.pinterest.com\/mlleadelana","https:\/\/www.facebook.com\/mlleadelana","https:\/\/twitter.com\/mlleadelana"]}]}},"blog_post_layout_featured_media_urls":{"thumbnail":"","full":""},"categories_names":null,"comments_number":"0","rttpg_featured_image_url":null,"rttpg_author":{"display_name":"Adelana","author_link":"https:\/\/www.adelana.fr\/index.php\/author\/admin9866\/"},"rttpg_comment":0,"rttpg_category":" <a href=\"https:\/\/www.adelana.fr\/\" rel=\"tag\">Fran\u00e7ais<\/a>","rttpg_excerpt":null,"_links":{"self":[{"href":"https:\/\/www.adelana.fr\/index.php\/wp-json\/wp\/v2\/pages\/2083"}],"collection":[{"href":"https:\/\/www.adelana.fr\/index.php\/wp-json\/wp\/v2\/pages"}],"about":[{"href":"https:\/\/www.adelana.fr\/index.php\/wp-json\/wp\/v2\/types\/page"}],"author":[{"embeddable":true,"href":"https:\/\/www.adelana.fr\/index.php\/wp-json\/wp\/v2\/users\/1"}],"replies":[{"embeddable":true,"href":"https:\/\/www.adelana.fr\/index.php\/wp-json\/wp\/v2\/comments?post=2083"}],"version-history":[{"count":9,"href":"https:\/\/www.adelana.fr\/index.php\/wp-json\/wp\/v2\/pages\/2083\/revisions"}],"predecessor-version":[{"id":3400,"href":"https:\/\/www.adelana.fr\/index.php\/wp-json\/wp\/v2\/pages\/2083\/revisions\/3400"}],"wp:attachment":[{"href":"https:\/\/www.adelana.fr\/index.php\/wp-json\/wp\/v2\/media?parent=2083"}],"curies":[{"name":"wp","href":"https:\/\/api.w.org\/{rel}","templated":true}]}}

<div class="wp-block-image"><figure class="aligncenter size-large is-resized"><img src="https://www.adelana.fr/wp-content/uploads/2021/11/annesophiebenoit-camline-adelana-683x1024.jpg" alt="" class="wp-image-3396" width="514" height="771"/></figure></div>



<div class="wp-block-uagb-advanced-heading uagb-block-a7e1eafa-d7b7-4d96-a54d-f04b1fd385e5"><h2 class="uagb-heading-text"><br><br><strong>Qui suis-je ?</strong></h2><div class="uagb-separator-wrap"><div class="uagb-separator"></div></div><p class="uagb-desc-text"><br>Je suis Adelana, blogueuse écoresponsable. Ici je parle de tous les sujets qui me passionnent à savoir la mode, ma transition vers un mode de vie plus responsable et récemment des sujets liées à l&rsquo;écologie dans des pays comme en Afrique.<br>Je démarre également mon activité free-lance en tant de que consultante en communication digitale  pour les entreprises souhaitant transiter se lançant dans une activité plus responsable.<br>&nbsp;<br></p></div>



<div class="wp-block-uagb-advanced-heading uagb-block-418e7c0a-1f87-4417-af95-fefaf64c50d3"><h2 class="uagb-heading-text"><strong>Comment en suis-je venue à l’écoresponsabilité ?</strong></h2><div class="uagb-separator-wrap"><div class="uagb-separator"></div></div><p class="uagb-desc-text"><br>J&rsquo;ai passé presqu&rsquo;un an à Vancouver où quotidiennement, j&rsquo;étais face à des paysages époustouflants entourée des montagnes, des forêts et de la mer. Un luxe qui pour moi, se méritait. A cette époque l&rsquo;écoresponsabilité ne me disait rien.<br>Par la suite,  je suis partie vivre à Londres pendant 3 ans et demi pour forger mon experience notamment dans l’évènementiel. De retour en France,  j’ai profité de mes pauses entre deux envois de CV pour lire. Je suis tombée malheureusement sur beaucoup de sujets liés à la pollution, l’épuisement des ressources naturelles, etc. <br>J&rsquo;ai toujours voulu aider d’une manière ou d’une autre. J’en suis donc venue à la conclusion que prendre soin de la planète serait une de mes missions premières en commençant par transiter vers un mode de vie écoresponsable.<br><br>Sur le long terme, j&rsquo;aimerais pouvoir me détacher totalement de ce système dans lequel je suis pour pouvoir aider à 100% et faire de l&rsquo;humanitarisme. Utopique, me diriez-vous ? Quasiment impossible par certains. Ca reste néanmoins mon objectif.<br>En attendant, je m&rsquo;informe, j&rsquo;informe mon entourage et discute avec des personnes qui comme moi sont en transition et souhaite trouver un moyen d&rsquo;entretenir notre planète coûte que coûte.</p></div>

<!-- This site is optimized with the Yoast SEO plugin v19.13 - https://yoast.com/wordpress/plugins/seo/ -->
<title>A Propos -</title>
<meta name="description" content="A propos d&#039;Adelana, juste une personne désirant de transiter vers un mode de vie le plus écoresponsable possible" />
<meta name="robots" content="index, follow, max-snippet:-1, max-image-preview:large, max-video-preview:-1" />
<link rel="canonical" href="https://www.adelana.fr/index.php/a-propos/" />
<meta property="og:locale" content="fr_FR" />
<meta property="og:type" content="article" />
<meta property="og:title" content="A Propos -" />
<meta property="og:description" content="A propos d&#039;Adelana, juste une personne désirant de transiter vers un mode de vie le plus écoresponsable possible" />
<meta property="og:url" content="https://www.adelana.fr/index.php/a-propos/" />
<meta property="article:publisher" content="https://www.facebook.com/mlleadelana" />
<meta property="article:modified_time" content="2021-11-24T10:22:50+00:00" />
<meta property="og:image" content="https://www.adelana.fr/wp-content/uploads/2021/11/annesophiebenoit-camline-adelana-683x1024.jpg" />
<meta name="twitter:card" content="summary_large_image" />
<meta name="twitter:site" content="@mlleadelana" />
<meta name="twitter:label1" content="Durée de lecture estimée" />
	<meta name="twitter:data1" content="2 minutes" />
<script type="application/ld+json" class="yoast-schema-graph">{"@context":"https://schema.org","@graph":[{"@type":"WebPage","@id":"https://www.adelana.fr/index.php/a-propos/","url":"https://www.adelana.fr/index.php/a-propos/","name":"A Propos -","isPartOf":{"@id":"https://www.adelana.fr/#website"},"datePublished":"2020-06-04T16:08:04+00:00","dateModified":"2021-11-24T10:22:50+00:00","description":"A propos d'Adelana, juste une personne désirant de transiter vers un mode de vie le plus écoresponsable possible","breadcrumb":{"@id":"https://www.adelana.fr/index.php/a-propos/#breadcrumb"},"inLanguage":"fr-FR","potentialAction":[{"@type":"ReadAction","target":["https://www.adelana.fr/index.php/a-propos/"]}]},{"@type":"BreadcrumbList","@id":"https://www.adelana.fr/index.php/a-propos/#breadcrumb","itemListElement":[{"@type":"ListItem","position":1,"name":"Accueil","item":"https://www.adelana.fr/"},{"@type":"ListItem","position":2,"name":"A Propos"}]},{"@type":"WebSite","@id":"https://www.adelana.fr/#website","url":"https://www.adelana.fr/","name":"Adelana","description":"","publisher":{"@id":"https://www.adelana.fr/#organization"},"potentialAction":[{"@type":"SearchAction","target":{"@type":"EntryPoint","urlTemplate":"https://www.adelana.fr/?s={search_term_string}"},"query-input":"required name=search_term_string"}],"inLanguage":"fr-FR"},{"@type":"Organization","@id":"https://www.adelana.fr/#organization","name":"Adelana","url":"https://www.adelana.fr/","logo":{"@type":"ImageObject","inLanguage":"fr-FR","@id":"https://www.adelana.fr/#/schema/logo/image/","url":"https://www.adelana.fr/wp-content/uploads/2020/05/cropped-Adelana-logo-1-4.png","contentUrl":"https://www.adelana.fr/wp-content/uploads/2020/05/cropped-Adelana-logo-1-4.png","width":618,"height":387,"caption":"Adelana"},"image":{"@id":"https://www.adelana.fr/#/schema/logo/image/"},"sameAs":["https://www.instagram.com/mlleadelana","https://www.pinterest.com/mlleadelana","https://www.facebook.com/mlleadelana","https://twitter.com/mlleadelana"]}]}</script>
<!-- / Yoast SEO plugin. -->

A propos d'Adelana, juste une personne désirant de transiter vers un mode de vie le plus écoresponsable possible

<a href="https://www.adelana.fr/" rel="tag">Français</a>
